 -5*q + 165. List the prime factors of q.
29
Suppose 31216 = -23*d + 39*d. What are the prime factors of d?
1951
Suppose 5*q - d - 371 = 3*d, -2*q + 145 = -5*d. Let t(b) = -b**2 - 4*b + 16. Let j be t(6). Let k = q + j. List the prime factors of k.
31
What are the prime factors of 13/((-104)/32) - (-210 + 2)?
2, 3, 17
Let x(j) = j**3 + 8*j**2 - j - 6. Suppose 0 = -2*m + 3 - 19. Let l be x(m). Suppose l*r = -5 + 47. List the prime factors of r.
3, 7
Suppose -5*d = -3*o - 9, 4*d - 19 = d - 5*o. Suppose 7 = -p - 5*c + 49, -9 = -d*c. Suppose -4*w = -9 - p. What are the prime factors of w?
3
Suppose 0*s + 2*s + 116 = -2*a, 5*s = -2*a - 293. Let j = s - -123. Let k = -27 + j. What are the prime factors of k?
37
Let d be 4*1 + 16/(-2) - -396. What are the prime factors of d/6 + (-7)/21?
5, 13
Let z = 58 - -47. Suppose 0 = 5*p - 0 - z. What are the prime factors of p?
3, 7
Suppose -4*u + 117 = 3*x, 3*x = -4 + 1. Let p = u - 18. Suppose p*t = 7*t + 100. List the prime factors of t.
2, 5
Suppose 36*a - 32*a = 424. Suppose a = 4*n - 262. Let i = 148 - n. What are the prime factors of i?
2, 7
Let l(a) = -109*a - 201. List the prime factors of l(-13).
2, 19
Suppose 269*v + 5100 = 275*v. List the prime factors of v.
2, 5, 17
Let h(x) = 30*x**2 - 3*x - 3. What are the prime factors of h(-9)?
2, 3, 409
Suppose 10*n - 5*n = 420. Suppose 2*b + 4*i - n = 0, 3*b + 3*i + i = 134. What are the prime factors of b?
2, 5
Let v(p) = p**3 + 7*p**2 + p - 1. Let b(h) = -2*h**3 - 13*h**2 - 2*h + 3. Let u(d) = 3*b(d) + 5*v(d). Let o be u(-3). List the prime factors of (-1)/(o*2/148).
37
Let a = -100 - -94. Let r = 3 - -15. Let m = a + r. What are the prime factors of m?
2, 3
Let q = -14 - -12. Let a be 4858/10 + q/(-10). What are the prime factors of ((-8)/6)/((-36)/a)?
2, 3
Let h(y) = -16*y + 0 + 17 - 3*y**2 + 2*y**2. List the prime factors of h(-13).
2, 7
Let m(v) = -238*v - 83. List the prime factors of m(-5).
3, 41
Let q = 256 + -254. Suppose 0 = d - 4*d + 6. What are the prime factors of (-199 - q)*d/(-6)?
67
Suppose 925 = 4*t + t. Suppose -13*k - t = -18*k. List the prime factors of k.
37
Let h be (-3 + -3)/((-2)/1). Suppose 19 = -n + 5*a, h*a = 2*n + a + 38. Let g = n + 44. List the prime factors of g.
5
Suppose -68712 = -466*o + 454*o. List the prime factors of o.
2, 7, 409
Let t(r) = -10*r**3 + 9*r**2 + 10*r. List the prime factors of t(-3).
3, 107
Suppose 45*m - 13527 = 36*m. List the prime factors of m.
3, 167
Suppose 3*x + 245 - 1901 = 3*q, -3*q = 2*x - 1099. Let k = -390 + x. List the prime factors of k.
7, 23
Suppose -5*a + 20 = -5*i, 2*a = -0*a - 4*i - 4. Suppose 0 = r + k + a*k, 0 = 5*r + 3*k. Suppose -c + 7*c - 480 = r. What are the prime factors of c?
2, 5
Let g(l) = -8*l + 31. Let v be g(6). Let a = -5 - v. List the prime factors of a.
2, 3
Let k(d) = d**2 + 15*d + 3. Let g be -12 + 12/9*-3. Let q be k(g). Suppose p = q + 22. List the prime factors of p.
41
Suppose 0 = -5*z - 10, -2*s + 6 = -0*s + 2*z. Suppose -3*d = 2*m - 9, -d + s - 2 = -4*m. Suppose 3*a - 94 - 38 = m. What are the prime factors of a?
2, 11
Suppose 3*u + 116 = -5*g + 623, -4*u - g + 676 = 0. List the prime factors of u.
13
Let h(z) = -7*z**3 - 35*z**2 - 34*z - 7. List the prime factors of h(-9).
17, 151
Let u be (-6)/45 - 16791/(-45). Suppose -4*z + u = -3*v, -z - 3*z - v + 361 = 0. What are the prime factors of z?
7, 13
Let h(m) = -28*m. Let t be h(5). List the prime factors of (-11580)/t - 4/(-14).
83
Let p(a) = a**3 + 10*a**2 + 30*a - 73. List the prime factors of p(10).
17, 131
Suppose -2*z - 9 + 21 = 0. Let p be 4/(-3)*(-9)/z. What are the prime factors of ((-16)/(-6))/(p/18)?
2, 3
Suppose 0 = 4*a + o - 4 + 5, -4 = -4*a + 4*o. Suppose a*r = -3*r - 6. List the prime factors of r/8 - 146/(-8).
2, 3
Suppose 4 = 2*z - 0*z, 4*w + 2*z - 20 = 0. Suppose -2 = w*c - 10. Suppose -4*o = -5*y - 197, c*y + 0*y = -5*o + 238. What are the prime factors of o?
2, 3
List the prime factors of 6 - (10/20 + 17582/(-4)).
3, 163
Let n be 9/54 - 1/6. Suppose n*p + 216 = 4*p - 4*a, 3*p + a - 146 = 0. List the prime factors of p.
2, 5
Let t = 40 + -34. Suppose -136 = -t*a + 2*a. What are the prime factors of a?
2, 17
Suppose -27*o - o + 25816 = 0. What are the prime factors of o?
2, 461
Let c = 1405 + -621. What are the prime factors of c?
2, 7
Let m(k) = 23*k**3 + 2*k - 1. Let z = -5 - -5. Let p be (0 - z) + (0 - -1). What are the prime factors of m(p)?
2, 3
Let t = 503 - 319. Let b = t + -99. List the prime factors of b.
5, 17
Suppose 5*c + 5*n - 85 = 0, -3*c + 5*n + 135 = 2*c. Suppose -6*p + c = -26. List the prime factors of p.
2
Let k(z) = -5*z - 6. Suppose -56 = -9*h + 13*h. What are the prime factors of k(h)?
2
Let k(c) = 4*c + 6. Let n be k(0). Suppose -n*a = -3*a - 6. Suppose -h = o + 3*h - 15, 2*h - 42 = -a*o. What are the prime factors of o?
23
Let c(t) = t**2 + 4*t + 4. Let s be c(-2). Suppose s = -3*j + 707 + 868. List the prime factors of j/10*12/9.
2, 5, 7
Let s = -14 - -14. Suppose -15 - 33 = 2*g + 3*x, 4*g - 4*x + 116 = s. Let i = g + 50. What are the prime factors of i?
23
Let a = -75 + 168. List the prime factors of a.
3, 31
Let l = -16 + 11. Let p be 2 + l/(15/(-9)). Suppose p*h - 2*h = 45. What are the prime factors of h?
3, 5
Suppose 0 = x - 5 + 4. Let o(p) = 2*p**3 + p**2 - 1. Let f be o(x). Let s = 8 - f. List the prime factors of s.
2, 3
What are the prime factors of 1175/2 + (-44)/88?
587
Let a(k) = k + 9. Let z be a(-8). Let r be z/2*0/(-9). Suppose -d + 4*x + r*x = -45, -4*x + 69 = d. What are the prime factors of d?
3, 19
Suppose -5*u + 8*u = 102. Let d(c) = -c**3 - 5*c**2 - 2*c - 7. Let y be d(-5). Suppose y*o = 2*a - 0*a + 116, -4*a + u = o. What are the prime factors of o?
2, 19
Let m(o) = 6*o - 2 - 1 + 6. What are the prime factors of m(12)?
3, 5
Suppose 12 = 2*k + 2*b, -6 = -0*b - 2*b. Suppose -3*w + k = -2*w. List the prime factors of (16/w)/((-6)/(-27)).
2, 3
Let s(z) = -2*z**3 + 16*z - 10. List the prime factors of s(-12).
2, 1627
Suppose -3*x - 3 - 5 = -m, 3*m + 4*x = -2. Suppose 0 = m*q - 6*q + 136. What are the prime factors of q?
2, 17
Let n be (38/8)/(5/(-20)). Let m = -37 - n. Let u = m + 47. What are the prime factors of u?
29
Let m(g) = 3*g**2 + 7. Let k be m(-4). What are the prime factors of (-1)/(k/30 - 2)?
2, 3
Suppose 799 = 3*l + 4*y, 2*l + 3*y - 534 = y. List the prime factors of l.
269
Let u = 6246 + -3203. List the prime factors of u.
17, 179
Suppose 2*q + 1036 = n, 9*n = 13*n - 5*q - 4135. What are the prime factors of n?
2, 5, 103
Let u be (-16)/24 - (-33)/9. Let q = u - -18. List the prime factors of q.
3, 7
Let g(x) = 48*x**3 + 13 - 11*x - 104*x**3 + 11*x**2 + 55*x**3. List the prime factors of g(6).
127
Let c = 121 - 123. Let j(s) = -42*s**2 - 3*s + 12. Let w(k) = -17*k**2 - k + 5. Let g(u) = -5*j(u) + 12*w(u). What are the prime factors of g(c)?
2, 3
Let a = 104 - 103. What are the prime factors of (-9 + 7)/(a/(-76))?
2, 19
Suppose h = -c + 2*h + 20, 4*h + 102 = 5*c. Let m be (4/5)/(c/275). List the prime factors of (m/6)/(12/216).
2, 3, 5
Let x = -1330 + 2968. What are the prime factors of x?
2, 3, 7, 13
Suppose 4*i - 94 = 5*q - 1101, 617 = 3*q + 4*i. What are the prime factors of q?
7, 29
Suppose 0 = -4*o + 16*o - 8796. List the prime factors of o.
733
Suppose -3*c - 3*r - 15 = -0*r, -5*c - 25 = -r. List the prime factors of 2 - (-14 + (-4 - c)).
3, 5
Let z = 25 + -55. What are the prime factors of z/(-40) + 89/4?
23
Let t(b) = b**2 + 4*b - 14. Let k be t(-6). Let w = -7 - -10. What are the prime factors of (k + w)/((-1)/(-22))?
2, 11
Suppose 0 = 3*m + 1 - 34. Suppose 4*t = -3*d + m, -3*t = -0*t - 4*d - 2. Suppose 0 = 3*o - t*n - 41, -2*o + 2*n + 26 = 0. List the prime factors of o.
3, 5
Let p = 69 + 21. Let j be (4 + p/(-25))*-5. What are the prime factors of 14 + 0/j + -2?
2, 3
Let w(g) = 3*g - 13. Let k be -1 - 121/(-7) - (-38)/(-133). What are the prime factors of w(k)?
5, 7
Suppose 0 = -3*t + 8 + 4. Suppose 4*x + 4*j - 508 = j, -2*x + t*j = -232. What are the prime factors of x?
2, 31
Let x(s) = 10*s**2 - 105*s - 17. What are the prime factors of x(13)?
2, 7, 11
Suppose -5*y + 6125 = 122*c - 126*c, 5*y - 3*c - 6130 = 0. What are the prime factors of y?
1229
Let m(o) = -11*o + 4. Suppose 4*n + 64 = 8*n. Suppose -5*c = -n + 41. List the pr